me number?
False
Let k(s) = 3083*s + 39. Let p = 354 + -344. Is k(p) prime?
True
Let o be (-13)/(104/216) + 5*1. Let d(l) = 2*l**3 + 49*l**2 + 30*l - 51. Is d(o) a prime number?
True
Suppose -5 = 3*p - 2*p, 4*m + 4*p = 206792. Is m a prime number?
False
Let y = 42565 + 18376. Is y a prime number?
False
Let x(v) = 20*v**3 + v - 9. Let r be x(6). Suppose -2*n = 5*k - r, -2*k - 8316 - 330 = -4*n. Is n a composite number?
False
Is (3 + 20602/(-3))*5*27/(-45) prime?
True
Suppose -75*p + 70*p = 50. Is 634*(2 + -7)/p a composite number?
False
Let n(i) = 526257*i - 3572. Is n(3) prime?
True
Suppose -396345 + 5329346 = 9*b - 889180. Is b a composite number?
False
Let p = 30908 + 17977. Let x = p + -30998. Is x a composite number?
True
Suppose b - 21 = -5*w, -2*b - 3*w + w = -10. Let v(f) = -50*f**2 + 4*f - 4. Let k be v(b). Is 10/k + (-3)/(15/(-746)) a composite number?
False
Let k be 6 + -14 - (-14)/(-2). Let q(f) = 13*f**2 + 45*f - 23. Is q(k) a prime number?
False
Suppose -10*c + 1741035 = -4497355. Is c prime?
True
Let o(g) be the first derivative of -7*g**3 + 65*g**2/2 + 8*g - 42. Let f be o(30). Is (f - -1)/(18 - 21) a composite number?
False
Let w(y) = -2*y**3 - 11*y**2 + y + 3. Suppose -j = 4*b - 8*b - 60, 0 = 4*b - 4*j + 48. Is w(b) a prime number?
False
Suppose c + 5*o - 784 - 193 = 0, -5*c = 4*o - 4906. Let n(r) = r**3 + 6*r**2 + 4*r + 4. Let f be n(-5). Suppose -f*g + 15661 - c = 0. Is g prime?
False
Suppose -4*w = 2*y - 865158, -89*y + 2162909 = -84*y - 4*w. Is y prime?
False
Let w(z) = -2*z + 12. Let u be w(6). Suppose u = 2*d, 5*v - 6*v + 913 = -2*d. Is v composite?
True
Let b be ((-24)/(-14))/((-10)/(-3885)). Let l = -357 - -732. Let x = b - l. Is x a prime number?
False
Suppose -y = -q - 2*y + 10, -2*q + 2*y + 12 = 0. Suppose -q*t - 18*t + 281242 = 0. Is t a composite number?
True
Suppose 2*j = 2*i + 28, -5*i + 4*i - j = 10. Is (i/15)/((-2)/39855) - -5 a composite number?
True
Suppose 3*z - 4*w - 10547609 = 0, 4*w - 5777367 = -4*z + 8286093. Is z prime?
True
Let z(x) = -458*x - 3. Let d(s) = -917*s - 5. Let m(t) = -2*d(t) + 5*z(t). Is m(-8) prime?
True
Let c(y) = 8*y - 102. Let w be c(13). Is ((-1262712)/20)/(-11)*5/w composite?
True
Suppose -5*y = -5*j - 3525, 0 = y - 5*y - 3*j + 2792. Let p be (4/(-3))/(((-228)/(-1062))/19). Let u = y + p. Is u a prime number?
False
Let t(r) = -r**3 + 6*r**2 + 3*r - 3. Let f be t(4). Suppose -3*q = -0*q + 4*x - 12, 4*q = 3*x + f. Suppose -q*h = -12*h + 508. Is h a composite number?
False
Suppose a + 4 = b, -10 = -3*b + 4*a + 3. Suppose b*j = 81 - 72. Suppose -26614 = j*d - 17*d. Is d composite?
False
Let v(j) = 137*j**3 - 9*j**2 + j + 13. Let l(o) = 273*o**3 - 15*o**2 + 3*o + 26. Let z(t) = 3*l(t) - 5*v(t). Is z(3) composite?
False
Is (2 + 1097234/15 + (-117)/195)*3 prime?
True
Let h(j) = 1239*j - 187. Suppose -3*t + 7 = -4*v + 34, v = t + 7. Is h(v) composite?
False
Let s(d) = d**3 + 12*d**2 - 4*d - 1. Suppose 2*b + 5*x = x - 26, 4*x - 18 = 2*b. Let u be s(b). Is -3 - 1 - (1/1 - u) a composite number?
True
Let o(n) = -11*n**3 - 12*n**2 + 3*n + 6. Let g(y) = -y**3 - y**2 - y + 2. Let b(t) = 5*g(t) - o(t). Is b(5) prime?
False
Suppose 23*n - 144 = -n. Suppose 18*c - 78264 = -n*c. Is c a prime number?
False
Let y(z) = 7*z**2 + 2*z + 17. Let v be y(-13). Suppose -186*i + 184*i + v = 0. Is i composite?
False
Let l = -52 + 49. Let x be ((-12)/l)/4 - -5. Suppose 532 + 302 = x*j. Is j a prime number?
True
Suppose 0 = 109*w - 116*w + 119742. Suppose -72381 = -9*v + w. Is v a prime number?
False
Suppose 105*m - 80607633 = -30390018. Is m composite?
True
Let y = -270645 + 544544. Is y a prime number?
True
Is (-1)/(-2) + (-22)/220*-433905 a composite number?
False
Let c(l) = 152*l + 2. Let o be c(1). Let b be 70/4*(59 + -1) + 1. Suppose 0 = -2*y - o + b. Is y composite?
False
Let b(x) = -8*x**2 + 9*x + 1521. Let u(p) = 35*p**2 - 38*p - 6083. Let n(s) = 9*b(s) + 2*u(s). Is n(0) a composite number?
False
Suppose c - 406730 = -n - 3*n, -4*n = -5*c - 406742. Is n a composite number?
True
Suppose 20 = 4*t + t. Suppose t*s = 5*n - 292, s = -3*n + 88 + 77. Suppose 3*a - n = 3*w + 1963, -w + 2035 = 3*a. Is a a prime number?
True
Suppose -130988 = -24*o + 559948. Is o a prime number?
True
Suppose 258 = 5*x + g, -3*x - 5*g = -4*x + 36. Let y = x + -33. Is (3 - 32264/(-36)) + (-4)/y a composite number?
True
Suppose -7*o + 32 = -3. Suppose -o*d = 3*c - 9073, c - 4*d - 1466 - 1581 = 0. Is c prime?
False
Suppose -2*p - 9 = 3*a, -16*a = -14*a - p - 1. Is (-22)/(-3)*(a - (-69)/6) a composite number?
True
Suppose -2*t + 28 = -3*f, -5*f = 2*t - 12 + 32. Is (-60089)/f - (-11)/66 prime?
False
Suppose 4*o - 5057 = 1083. Suppose -11*r - o = -16*r. Is r prime?
True
Let c(h) = 26*h**3 - 20*h**2 - 10*h + 107. Is c(38) a composite number?
True
Suppose y + y - 10 = 0. Suppose y*p - 12*p + 21 = 0. Suppose -12043 - 7634 = -p*v. Is v a prime number?
False
Suppose 14163531 = 12*z + 16*z + 29*z. Is z a composite number?
False
Suppose -130*a + 235*a = 357237615. Is a composite?
False
Let c = -2920 + 5686. Is (0 - (c - -1))/(-1) composite?
False
Let u = -6287 + 12034. Is u composite?
True
Is 21764485/75 - (-8)/(-420)*7 a composite number?
True
Let s(i) = 2*i**2 - 9*i + 4. Suppose 11*l - 176 = 9*l. Let j = -79 + l. Is s(j) prime?
False
Let l = 119 + -116. Suppose -5*y + 2*n = -6717, 4*n - 1819 = 3*y - 5852. Suppose 0*j + l*w = 5*j - 6715, -j + y = -4*w. Is j a prime number?
False
Suppose v = -7*j + 8*j, 4*j = -v. Suppose 18*y - 256545 - 115209 = v. Is y a prime number?
False
Let b be (-4)/2 + 10/5. Suppose -8*a = -b*a - 2040. Suppose a + 2285 = 4*d. Is d composite?
True
Let v(u) = 117098*u - 367. Is v(1) prime?
True
Let a = -238 - -60. Suppose 2*p + 280 = i + 7*p, -p = i - 276. Let w = i + a. Is w a prime number?
True
Suppose -3*m = -7*m + 16. Let h(b) = 133*b**2 + 9. Let i be h(m). Suppose 2*t - 5*u - i = 0, -5*u - 1392 = -4*t + 2867. Is t a composite number?
False
Suppose 5*w - s - 40 + 2070 = 0, 5*s - 382 = w. Let k = 4978 + w. Is k composite?
True
Let s = 52 + -57. Let o(a) = 7*a + 22. Let w(y) = -7*y - 22. Let c(d) = s*w(d) - 4*o(d). Is c(9) composite?
True
Let l(p) = -3*p**3 + 7*p**2 + 42*p - 4. Let c(g) = g**2 + g - 1. Let i(v) = 5*c(v) - l(v). Is i(8) a composite number?
True
Suppose -20*i + 55 + 305 = 0. Suppose -i*q - 15883 = -43081. Is q a composite number?
False
Suppose 0 = -3*g - 5*l + 39165, g - 3*l - 3300 - 9741 = 0. Suppose 19948 + g = 14*v. Is v prime?
True
Let n = 29 + -27. Suppose n*w - 641 = -3*t, -5*w = -0*w - t - 1577. Suppose 0 = -o + w + 13. Is o a prime number?
False
Let m = -26478 + 287569. Is m composite?
True
Let w(a) = -a - a**3 + 310 + 926 + 263. Is w(0) a composite number?
False
Is 2*(-22 + 49959/26) composite?
True
Is -41 + 43 - 1912022/(-2) a composite number?
True
Suppose -3993765 = -53*p + 11*p + 2420349. Is p a prime number?
True
Suppose -14*c = 2*c - 96. Suppose -6*u + 76812 = c*u. Is u composite?
True
Let b(v) = -v**2 - 8*v - 36. Let t be b(-6). Is 67857/11 + t/(-132) a composite number?
True
Is ((-3)/(-6))/((-28)/(-875224)) prime?
True
Suppose 22 = k + k. Suppose k*n - 13*n = -2570. Is n prime?
False
Let l be 13 - (1 + -2) - -2. Let b(w) = 67*w - 41 - 13 - 27*w + 17*w + 1. Is b(l) a composite number?
False
Let w = -781757 - -1360708. Is w composite?
True
Suppose 7*i = -1174 + 41620. Suppose 5*o + n - 797 - i = 0, -5*o + 6575 = -4*n. Is 5/5*4 + o a prime number?
True
Let i = -30 - -38. Suppose -16*s + 12*s - i = 0. Is s/(-3*8/8988) a prime number?
False
Suppose 0 = -22*w + 18*w - 20*w + 245928. Is w prime?
True
Let q = 8 + -13. Let z(n) = -15*n**3 - n**2 - 9*n + 2. Let u(w) = 44*w**3 + 3*w**2 + 26*w - 5. Let x(m) = -4*u(m) - 11*z(m). Is x(q) a composite number?
False
Let i = 3091 + 23274. Is i a prime number?
False
Let j(p) = 3*p**3 - 21*p**2 + 2*p - 25. Let r(n) = n**3 - 23*n**2 - 3*n + 83. Let s be r(23). Is j(s) prime?
False
Suppose -4*x + 5978 = -l, -6*l = 5*x - 3*l - 7481. Suppose n + 3*t = 520, 3*n - 4*t = -0*n + x. Is n a composite number?
True
Is -2*3 - ((-2353641)/(-2))/(342/(-228)) composite?
False
Let n be 1901*(-20)/8*(-2 + 0). Suppose 0 = l - 4*d - 3185, -l + 2*d + n = 2*l. Is (3/9)/(5/l) a composite number?
False
Is 605 + 22144 - 1*-2*1 prime?
True
Let k(h) = 9*h**2 + 6*h + 2. Let y(l) = l